tens digit of p?
8
Let g(d) = -3. Let z(y) = y**2 + 26*y + 13. Let f(a) = -15*g(a) + 3*z(a). What is the hundreds digit of f(-35)?
0
Let o(n) = -n**2 + 3*n + 4. Let a be o(6). Let q be -40*8/10*31/62. Let l = a - q. What is the units digit of l?
2
Let w(i) = i**2 + i - 9. Let b be w(-4). Suppose -v = -4*k - 63, -b*k - k = -5*v + 363. Suppose 9 = -2*h + v. What is the tens digit of h?
3
Suppose 0 = 2*u - a + 9 - 13, -4*a = -3*u + 6. Suppose j = 2*z - 0*j - 125, u*z + 2*j - 110 = 0. What is the tens digit of z?
6
Let h(s) = -3*s - 1. Let i(k) = 4*k + 1. Let j(u) = -3*h(u) - 2*i(u). Let z be j(6). Suppose -283 - 487 = -z*o. What is the hundreds digit of o?
1
What is the thousands digit of (0 + 2427)/(-4 + -2 - 1104/(-176))?
8
Let m(n) = -n**2 + 1. Let x(p) = 10*p**2 + 8*p - 12. Let v(z) = -5*m(z) - x(z). Let u be v(3). Let k = 108 + u. What is the tens digit of k?
4
Let s(v) = 104*v**3 - 3*v**2 - 3*v + 5. Let w be s(1). Suppose -91*b = -w*b + 10032. What is the tens digit of b?
3
Let d(y) = 78*y + 54. Let q(m) = -6*m + 11. Let g be q(1). What is the tens digit of d(g)?
4
What is the ten thousands digit of 2/(14 - (-6557256)/(-468378))?
2
Let d(p) = -p**2 + 55*p + 359. What is the units digit of d(48)?
5
Suppose -3*p = 9, -7100 = -x - 4*p + 14398. Suppose -8*g - x = -23*g. What is the thousands digit of g?
1
Let p(m) = 3*m**3 + 8*m**2 - 92*m + 693. What is the thousands digit of p(7)?
1
Suppose 0 = -5*x - 40, -160*n - x + 200857 = -157*n. What is the units digit of n?
5
Let i = -13 - -46. Let p = i + -28. Suppose -p*f = 2*u + 2*u - 288, u = 2*f + 59. What is the units digit of u?
7
Let z(q) = -q. Let h be z(-4). Suppose 0 = -5*v + 3*d + 38, -h*v - 7*d + 60 = -2*d. What is the units digit of 2*48 + -6 + v?
0
What is the tens digit of 152447279/1938 - ((-68)/(-120) + 4/(-10))?
6
Let p be ((-1736)/(-10))/((-30)/(-150)). Let x = p + -473. What is the units digit of x?
5
Suppose 0 = 17*t + 228*t - 7409535. What is the hundreds digit of t?
2
Suppose k - 4*k = 0, -5*c + 190 = k. Suppose c = -5*q - l, l + 22 + 8 = -4*q. What is the units digit of 316*((-6)/q + 2/(-4))?
9
Let i(m) = -m**3 - 12*m**2 + m + 13. Let r be i(-12). Let w be (1/2)/(r/8). Suppose -756 = -4*z - y + 5*y, -4*y = w*z - 724. What is the tens digit of z?
8
Suppose 5*n + q - 271652 = 0, n = 2*q + 12663 + 41652. What is the ten thousands digit of n?
5
Suppose -5*j = -x - 5, -4*j + 4 = -0*j - 5*x. Let d be -4 - (-12 + 2 + j). Suppose 5*i = 15, 2*i - 1165 = -d*q - 3*i. What is the units digit of q?
0
Let o(d) = 4639*d**3 - d. What is the units digit of o(1)?
8
Suppose -4*p + c + 41901 = 0, -30*p = -29*p + 3*c - 10485. What is the ten thousands digit of p?
1
Suppose 2*q = 7*q - 10. Let s(l) = -l**2 + 2*l**2 - 6*l + q + 8*l - 6. What is the tens digit of s(-7)?
3
Suppose 0 = 3*s - a - 23340, -4*s + 26*a + 31110 = 28*a. What is the hundreds digit of s?
7
Let u = 88234 - 16865. What is the ten thousands digit of u?
7
Let l be (-11)/(1/((-4)/4*1)). Let d(g) = 1 + 60*g**2 + l*g - 58*g**2 - 43*g. What is the units digit of d(19)?
5
Suppose 0 = 3*v - 43 + 4. Let c = 36 + -29. Suppose -c*n = -v*n + 30. What is the units digit of n?
5
Suppose 5*j - 14*j + 90639 = 0. Suppose -16*n = 11*n - j. What is the tens digit of n?
7
Let p(d) = 60*d - 54. Let f be 47/(-26)*-6 + 6/39. What is the units digit of p(f)?
6
Suppose 3*h + 12 = -3, -2*x = -5*h - 9. What is the tens digit of ((-4)/x*-908)/(12/(-18))?
8
Let a(n) = -2*n**2 - 2*n. Let t(u) = 43*u**2 - 6*u - 2. Let p(m) = -2*a(m) + 2*t(m). What is the tens digit of p(-1)?
9
Let k = -46 + 49. Suppose 0*c + 4*x = 4*c - 1288, 5*c - 1600 = k*x. Suppose 2*j - d - c = -j, 0 = 3*j + 5*d - 323. What is the tens digit of j?
0
Let g(k) be the first derivative of k**4/4 - 7*k**3/3 - 23*k**2/2 - 17*k + 16. What is the units digit of g(11)?
4
Let o be ((-84)/15)/(1/5). Let m(d) = -398*d + 11 - d**3 - 27*d**2 - 398*d + 822*d. What is the units digit of m(o)?
7
Suppose -s + 15 = 4*s. Let z(c) = 2*c - 2. Let o be z(s). Suppose 5*i = -0*i + 2*p + 188, 0 = -o*i - 4*p + 128. What is the units digit of i?
6
Suppose -74 + 109 = 5*r. Suppose r*l + 190 = 17*l. What is the units digit of l?
9
Let i = -4083 + 12852. What is the tens digit of i?
6
Let v(x) = 10751*x + 148. What is the ten thousands digit of v(1)?
1
Suppose -5*j = 25, 5*b = 4*j + j + 29740. What is the tens digit of b?
4
Let b(h) = -5*h + 18. Let c(w) = -3*w + 19. Let z be c(5). Let i be b(z). What is the units digit of ((-10)/(-25))/(i/(-160))?
2
Let r(a) be the second derivative of -5*a**3/2 + 19*a**2/2 - 73*a. What is the units digit of r(-11)?
4
What is the hundreds digit of -5*972*(-48)/72*(-3)/(-2)?
8
Suppose -21*w + 63 = -20*w. Let j = -63 + w. Let t(o) = 14*o + 61. What is the units digit of t(j)?
1
Suppose 22744 = -18*l + 58132. Suppose l = 7*x - 3102. What is the units digit of x?
4
Suppose 3*a = -5*v + 139880, 4*a + 23*v = 22*v + 186535. What is the tens digit of a?
3
Let i = -609 + 860. Let y = i + -226. What is the units digit of y?
5
Suppose 2*y + 27 = 11. Let q(a) = a**3 + 10*a**2 + 8*a - 6. Let b be q(y). Suppose i - 159 = -b. What is the hundreds digit of i?
1
Let n(z) = z**3 - 19*z**2 - 7*z - 43. Let t be n(17). Let p = -511 - t. What is the hundreds digit of p?
2
Suppose 4 = -2*r + 4*r. Suppose 0 = 3*f + 2*q + 4, 2*f + 2*f + 2*q + r = 0. What is the tens digit of 4/(-2)*f - -60?
5
Let q be (-32)/6*10923/(-44). Let w = q + -931. Suppose 183*d - 180*d = w. What is the hundreds digit of d?
1
Let y(x) = 15*x + 35. Suppose r = -10 + 17. Suppose -5*z + r = -13. What is the units digit of y(z)?
5
What is the tens digit of (24642/(-185))/(6/(-345) + 0)?
5
Suppose 5*m - 60 = -5*g, 50 = 5*g + 2*m + m. Let j(c) be the second derivative of c**5/20 - c**4/2 + 5*c**3/6 + 5*c**2/2 + 30*c. What is the tens digit of j(g)?
8
Let x = 48 - 52. Let q(m) = -m - 7. Let u be q(x). What is the tens digit of 22/((-14)/(-4) + u)?
4
Suppose 5*z = -20, -6*z + 3*z - 24 = -3*k. Suppose 721 = 13*h - 10*h - 4*x, -k*x + 761 = 3*h. What is the units digit of h?
7
Let q(d) = 3*d**2 - 15*d + 252. Let b be q(41). Suppose 5*w + 1867 = 7*w + 3*p, 5*w - b = -5*p. What is the tens digit of w?
4
Let o be (-5)/5 - (-121)/1. Let w = o - 76. Suppose -47*i = -w*i - 540. What is the units digit of i?
0
Suppose -3*k = -3*u + 8394, 8*k - 11201 = -4*u + 3*k. What is the units digit of 5/1*(u/45 + 9)?
6
Suppose -2*m = -4*g + 353 - 977, g + 170 = 4*m. Suppose 4*h - h + 5*y = 825, 0 = 3*h + y - 837. Let j = h + g. What is the tens digit of j?
2
Let f(x) = -x**3 - 9*x - 15. Let q be (-8)/((-2*4)/4)*-1. What is the tens digit of f(q)?
8
Let j be 7/((-3255)/(-3250) - 1). Suppose j = 5*k - 815. What is the hundreds digit of k?
0
Let w be 2544/(-19) + (187/209 - 1). Let h = w + 601. What is the units digit of h?
7
Let v be 2 + ((-88)/1 - 1). Let l = 6611 - 6355. Let k = l + v. What is the hundreds digit of k?
1
Suppose -10 = d - 13. Suppose 5*v + 6*l - 1610 = l, d*v = 5*l + 1006. Let a = -192 + v. What is the tens digit of a?
3
Suppose 0 = 4*l - 3*x - 122722, 12*l - 7*l - 153403 = 4*x. What is the thousands digit of l?
0
Let r be 12/8 - (-79)/2. Let s = -41 + r. Suppose s = 2*f - 25 - 21. What is the tens digit of f?
2
Let f(n) = 11*n + 30. Let l be f(23). Suppose -2*s + l = k, -3*k - 4*s + 371 = -468. What is the hundreds digit of k?
2
Suppose -7*w - 320931 = -7*o - 2*w, 5*w = -4*o + 183452. What is the ten thousands digit of o?
4
Suppose -1266 + 7194 = 104*c. What is the units digit of c?
7
Let s = -7 - -7. Suppose 2*a - 4*a + 746 = s. What is the tens digit of a?
7
Let q(p) = -88*p - 45. Suppose -x = 4*g + 6, -g + 6 = 4. What is the units digit of q(x)?
7
Suppose -11*h + 25*h - 26810 = 0. What is the thousands digit of h?
1
Let t = -11676 + 16614. What is the tens digit of t?
3
What is the thousands digit of (-10)/(-25)*(-3 - 27) + 35629?
5
Suppose 0 = 90*m - 88*m - 92. What is the tens digit of m?
4
Let b(o) = 16*o - 119. Let p(c) = -31*c + 240. Let i(s) = 5*b(s) + 2*p(s). What is the tens digit of i(23)?
9
Let y = -486 + 328. Let a = 155 + y. What is the hundreds digit of (a - 12/(-3))*119?
1
Let n = 115 - 112. Let c be -3 + n + -23 + 0. Let m = 69 - c. What is the units digit of m?
2
Suppose 220 = 2*a - 20. Let w = a - -67. What is the tens digit 